 - (-4 + (9 - 4) - 9)?
-10
(15 - (17 + 7) - 0) + -8
-17
Evaluate -6 + (10 + -7 - 4).
-7
Evaluate -20 + -15 + 11 + 50.
26
What is 14 - (-128 + 147 - (1 - -8))?
4
Evaluate (15 - -2) + 1 + -3.
15
-38 - (-30 + 41 + -16)
-33
1 - (-5 + (5 - (5 + -5 + 4)))
5
Calculate 12 - (-7 + 7 + 18).
-6
What is the value of -15 + (-9 - -5 - -7) + -1 + 2?
-11
What is (-132 - -127) + 5 + -1 + (-1 - -1)?
-1
What is the value of -10 + 3 - (-14 + -2) - 9?
0
What is 14 + (29 - 18) + -10?
15
What is the value of -40 - (-44 + -50) - 37?
17
Calculate -1 - (5 + (-5 - -2)) - 7.
-10
137 + -147 + (-1 - -15)
4
Evaluate 0 + 1 - 2 - ((-4 - -3) + -7).
7
What is (14 - (-14 - -8)) + -25?
-5
What is (-18 - -34) + -13 + 0 + 11?
14
Evaluate -2 + (4 - -8) + -3 + -4.
3
Calculate -22 - 1 - (9 - (6 - (4 + -14))).
-16
(-5 - (12 - 21 - -9)) + -14
-19
Calculate 29 + (10 - -1) + -13 - 10.
17
What is the value of 2 + -17 + 26 - 0?
11
What is the value of -328 + 326 + -31 + (-4 - (-3 - 1))?
-33
Calculate -2 + (-6 - 31 - -16 - 14).
-37
-5 + -27 + -5 + 25
-12
What is the value of (-59 - -86) + -17 + 1 + (1 - 33)?
-21
(-1 - 25) + ((-9 - -34) + -37 - -7)
-31
What is (2 - (-14 - (-14 - 12))) + 7?
-3
Evaluate 8 + 0 - (7 + -22 + 11) - 2.
10
Calculate 4 + (6 + (1 - 3) - (42 - 36)).
2
What is -9 + (-9 - (-6 - (-11 + 9)))?
-14
Evaluate (0 - (1 - 10)) + -6 + 10 + -2.
11
What is the value of 22 + 30 + -42 + 15?
25
3 - (9 - 4) - (10 + (-12 - -9))
-9
4 - ((-25 - 18 - -26) + (8 - 2))
15
Evaluate -7 - (1 - -2 - (22 + 2 + 5)).
19
What is the value of (-26 + 12 - -11) + -7?
-10
Evaluate (12 + 7 - -9) + -23.
5
33 + (-43 + 18 - 17)
-9
-35 + 8 - (18 - 13)
-32
(-76 - -7) + 46 + (-1 - 3)
-27
Evaluate 104 + -40 + -58 - (19 - 0).
-13
Calculate -231 + 207 + (2 - 5 - -4).
-23
Evaluate 1 + -5 - (-742 - -705).
33
What is 8 + (3 - 4) - (27 + -26) - -4?
10
What is 6 + -10 + 4 + -30 + 36?
6
Calculate -1 - ((-1 - 8 - -1) + -4).
11
What is -1 + 8 + (-5 - 12 - -11)?
1
Evaluate (-7 - 1) + 15 + -2.
5
What is the value of (-54 - -76) + 1 + 2 + (9 - 13)?
21
20 - 1 - 9 - -27
37
(0 - 33) + 35 - (0 - 13)
15
What is 1 - (-6 + 17 + -3 + -5)?
-2
What is ((-6 - -13) + -16 - -31) + -5?
17
Calculate -1 + (3 - 2) + -1 + -6.
-7
-17 + 6 + 14 + 2 - -10
15
Evaluate 6 + (-18 - -5) - 6.
-13
-33 + (20 - (-17 - -15))
-11
Evaluate -3 - (14 + -21 + (1 - 0 - -19)).
-16
What is the value of (22 - 0) + 83 + -89 + 2 + 7?
25
Evaluate 16 + -54 - (-7 - (5 - 8 - -5)).
-29
Calculate 1 - 0 - (-3 - -1) - 1 - 2.
0
What is 5 + 9 + (8 - 9) - 3?
10
What is -33 + -5 + -3 + 17 + -4 + 1?
-27
Calculate -2 + 0 - -2 - (-9 - -17 - 6).
-2
(51 - 53) + -4 + 3 + 0
-3
What is 10 + (5 - 2) - 0 - -9?
22
What is the value of 5 + -29 - (-306 - -294)?
-12
Calculate (-4 - -4) + 1 + 1 + (3 - -3).
8
Calculate (5 - 22) + 7 + (2 - (11 - 4)).
-15
Evaluate 1 - (-7 - (-4 - (2 + -10 + 3))).
9
What is -9 - (3 + -13) - 14?
-13
What is -58 + (33 - (-16 + 25))?
-34
What is -119 + 92 + (-10 - -2)?
-35
Calculate (-7 - -5 - -14) + -10.
2
Evaluate (-3 - 4) + (1 - -1).
-5
What is 11 - (-11 + 40 + 9 + -5)?
-22
Evaluate (15 + -20 - 9) + (5 - 7).
-16
What is the value of 0 + 18 - (6 - (23 - 25))?
10
What is the value of -30 - (6 - 13 - (53 + -45))?
-15
What is 8 - 9 - (2 + 2 + -5 + 15)?
-15
What is the value of -18 + (-2 - (-3 + (2 - 0) + -9))?
-10
Evaluate 2 - (3 + -16) - (-85 + 90) - -4.
14
(-304 - -315) + 0 + -24
-13
-51 - -51 - (0 + 4)
-4
Evaluate -27 + (64 - (33 - -2)).
2
What is the value of 1721 + -1733 - (0 + (0 - -1) - 6)?
-7
What is 0 + (-6 - (0 + -10)) + 1 + -2?
3
What is the value of 19 - (23 + 3 + -11 + (0 - 8))?
12
What is the value of 209 + -191 + -14 + 0?
4
Evaluate -9 + (-8 - -14 - 20) + -4 - -8.
-19
Evaluate 0 + -1 + (-8 - -2) + 35 + -4.
24
17 + (16 - (15 + 9))
9
Evaluate (7 + 2 - -6 - 9) + -9.
-3
(-15 - (-5 + 9)) + (13 - 1)
-7
(-5 - (-15 - -5)) + -3 + (9 - 9)
2
-61 - -75 - (-4 + (3 - -51))
-36
Calculate (-28 - -16) + (0 - -2).
-10
Calculate (-13 - -36 - (12 + 1)) + -33.
-23
Evaluate (-49 - -7) + 9 + 14 + -6.
-25
Evaluate -4 + (-30 - (7 + -44)).
3
What is (30 - 10) + -13 + 12?
19
Calculate 1 + 1 + (-2 - (0 + 1 + 6)).
-7
Evaluate 36 + 11 + -5 + 0 + -18.
24
Evaluate -22 - (5 - 26 - -10).
-11
0 - ((-4 - -5) + -14) - (7 - 1)
7
Calculate (-19 - -6) + (36 - 31).
-8
What is 11 - 31 - (0 - 0 - (-25 + 17))?
-28
Evaluate (2 - (-7 + 3 - 4)) + (-14 - -7).
3
What is -2 + (6 - 1) - (0 - -15 - 1)?
-11
Evaluate 441 + -454 - (-31 + -1).
19
Calculate 51 + -50 + (22 - -1) - (-1 + 6).
19
Evaluate 663 + -659 + (-1 + (4 - 2) - 8).
-3
Calculate 3 + -10 - (-6 - ((23 - 16) + -1)).
5
Calculate 44 - (-34 - -68) - (50 + -1) - -6.
-33
What is (-247 - -235) + ((-3 - -1) + 1 - -2)?
-11
Calculate (14 + -8 - (6 + -7)) + 3.
10
Calculate -125 + 127 + -2 + -2 - 16.
-18
(-8 - 6) + 5 + -5 - -13
-1
What is 3 + -6 + (0 - (6 + -22)) + -1?
12
54 + (-14 - 27) + -9 + -1
3
Evaluate (-26 - -34) + -5 + 2 - (3 - -13).
-11
Calculate -323 + 302 - (-6 - -1).
-16
What is the value of (-5 + 33 - 38) + 21?
11
Evaluate 5 + 1 + (10 + (-8 - 9) - 2).
-3
Evaluate 5 + (-1 - -26) + (-13 - (-14 + 7)).
24
26 - (77 - 38) - (1 + 17)
-31
What is the value of 4 - 1 - (-7 - 6) - 44?
-28
Calculate (-1 + 3 - (16 + 15 + -24)) + 16.
11
11 + 0 + (307 - 291) - 6
21
Calculate (-9 - -1) + (-10 - 14 - -15).
-17
What is the value of -51 + (52 - (8 - -13))?
-20
What is 12 - -2 - (6 - (4 + (5 - 4)))?
13
Calculate 4 - 8 - (2 + -7 - -17).
-16
1 - 4 - ((-2 + -2 - -7) + -5)
-1
What is the value of -3 - (1 + -7) - (-2 + 6)?
-1
(14 - (32 + -5)) + (2 - -1 - -2)
-8
What is the value of -199 + 187 - (-21 + -2)?
11
(-21 - -31) + (1 - 25)
-14
Calculate 1 + -4 + (43 - 9).
31
Evaluate -7 - 2 - (-9 - -1 - 6).
5
What is the value of 0 + ((-4 - 2) + 13 - (1 + 14))?
-8
What is -38 - (27 + -27 + -26)?
-12
-621 + 607 + (31 - 2)
15
Calculate 2 + 21 + (-131 - -127) + 0 + 11.
30
What is -7 + 16 - (7 + -1 + -10)?
13
What is the value of 0 - (0 + 54) - (9810 + -9830)?
-34
Calculate 51 + -58 + (-8 - -2) - -10.
-3
Calculate 131 + -136 + (-4 - -1).
-8
Evaluate (-1 - 34) + (15 + 17 - (9 + 15)).
-27
Calculate 0 + -3 + (-13 + 11 + -1 - -14).
8
Calculate -1 + -14 + (462 - 435).
12
Calculate 0 - -1 - (-2 - (19 - 18)).
4
-127 + 135 + -23 + 1 + 30
16
What is -1 + 8 + -7 + 2 + -7 + 13?
8
What is -3 + 0 - (-3 - -6) - (19 - 11)?
-14
Evaluate (4 - 1 - 0) + (-33 - -24).
-6
Calculate 1 - (2 - 0) - (630 - 659).
28
Calculate 13 - 4 - (-6 + -2 + 2).
15
What is the value of -5 + 4 + 16 + -8 + 1?
8
Calculate -8 + (0 - (-31 + 5) - 8).
10
What is (-1 + 4 + 4 - 15) + 3?
-5
What is the value of 8 - ((73 - 71) + 22 + 0) - 0?
-16
What is 14 - ((-102 - -116) + 1 + -5)?
4
What is the value of 17 - (2 - (-17 + 2))?
0
(-11 - -1) + -5 + (18 - (5 - -2))
-4
What is 12 + -10 + -5 - (-2 + (-9 - -17))?
-9
-12 + 4 - -13 - (7 - 2)
0
Calculate (2 + 1 - 23) + -44 + 49 + -13.
-28
5 + -7 + 4 - (-3 + (9 - 1))
-3
What is the value of -10 - (-27 - (13 + -31))?
-1
Calculate 25 + (3 - (37 + -12)).
3
Calculate 10 + 0 + -3 + 2 + -16.
-7
-28 + -5 + (-17 - (-2 + -19))
-29
Evaluate 26 + -33 - -10 - 5.
-2
-2 + 9 + -4 - (0 - -1 - 0)
2
Calculate -95 + 75 + -5 + 13.
-12
What is the value of (-9 - -7) + (9 - (-27 + 15))?
19
What is the value of 22 + -20 + (-2 - -12) + 3?
15
What is -18 + 13 + -7 + (2 - -32)?
22
Evaluate 0 + (-10 - (-4 + -4)) + 5.
3
What is the value of -13 + -5 + 9 - (-23 - -6) - 12?
-4
What is 26 + 17 + -50 + 16?
9
Evaluate -31 + 66 - (3 + 24).
8
What is 0 + 4 + 2 + (3 - (-6 + 5))?
10
What is -28 + 0 + -337 + 371?
6
What is the value of -7 - -21 - (11 + 3 + -3 + -4)?
7
Calculate (15 - (-2 + 38 + -13)) + 28.
20
What is 6 - 12 - -8 - (1 + 2 + -5)?
4
Evaluate 8 + (-6 + -4 + 0 - (-3 + -2)).
3
(34 + -68 - -26) + -1
-9
30 + (-12 - -46) + -30
34
Calculate 4 - (1 + (-2 - -6)) - 8.
-9
What is the value of (7 + -8 + -4 - -5) + (-1 - 19)?
-20
Evaluate -1 + 14 + -32 + 13.
-6
What is 7 - (-20 + 32) - 13?
-18
What is -3 - -30 - (14 - 0)?
13
Evaluate -5 - (-5 + 6 + 5 + -8 + -16).
13
What is the value of (37 - 29) + 27 + -16?
19
What is the value of (5 - (13 + -17)) + -4 + 0?
5
What is -5 + -39 - -30 - -33?
19
Calculate -18 + 4 + 0 + 8.
-6
-1 + -24 - (31 - (71 + -34))
-19
Calculate (-1 - 1) + -1 + 9 - (104 - 100).
2
What is 4 + (-10 - 7) - -16?
3
Calculate -30 + -2 + 14 + -4 + 0 - -7.
-15
4 + -3 + 8 + -8 + (0 - -2)
3
Evaluate (81 - 34) + 